{"id":2,"date":"2019-11-28T10:42:15","date_gmt":"2019-11-28T09:42:15","guid":{"rendered":"http:\/\/microbrasseriedelacrau.com\/?page_id=2"},"modified":"2022-03-21T19:25:19","modified_gmt":"2022-03-21T18:25:19","slug":"lireplus","status":"publish","type":"page","link":"https:\/\/microbrasseriedelacrau.com\/index.php\/lireplus\/","title":{"rendered":"Microbrasserie de la crau"},"content":{"rendered":"\n<div class=\"wp-block-image\"><figure class=\"aligncenter size-large is-resized\"><img loading=\"lazy\" decoding=\"async\" src=\"https:\/\/microbrasseriedelacrau.com\/wp-content\/uploads\/2019\/12\/logo_23.png\" alt=\"\" class=\"wp-image-510\" width=\"223\" height=\"223\" srcset=\"https:\/\/microbrasseriedelacrau.com\/wp-content\/uploads\/2019\/12\/logo_23.png 640w, https:\/\/microbrasseriedelacrau.com\/wp-content\/uploads\/2019\/12\/logo_23-300x300.png 300w, https:\/\/microbrasseriedelacrau.com\/wp-content\/uploads\/2019\/12\/logo_23-150x150.png 150w, https:\/\/microbrasseriedelacrau.com\/wp-content\/uploads\/2019\/12\/logo_23-500x500.png 500w, https:\/\/microbrasseriedelacrau.com\/wp-content\/uploads\/2019\/12\/logo_23-555x555.png 555w, https:\/\/microbrasseriedelacrau.com\/wp-content\/uploads\/2019\/12\/logo_23-160x160.png 160w\" sizes=\"(max-width: 223px) 100vw, 223px\" \/><\/figure><\/div>\n\n\n\n<blockquote class=\"wp-block-quote\"><p>Bienvenue dans la Microbrasserie de la Crau.<\/p><\/blockquote>\n\n\n\n<blockquote class=\"wp-block-quote\"><p>D\u00e9couvrez nos bi\u00e8res brass\u00e9es de fa\u00e7on traditionnelle et artisanale en plein c\u0153ur de la Crau.<\/p><p>Notre gamme se compose de blanches fines et fra\u00eeches, de blondes \u00e9quilibr\u00e9es et parfum\u00e9es, d&#8217;ambr\u00e9es l\u00e9g\u00e8res mais de caract\u00e8re et de brunes puissantes et structur\u00e9es.<br>Nos bi\u00e8res sont fabriqu\u00e9es en petite quantit\u00e9 avec des produits 100 % naturels comme le malt d&#8217;orge et de bl\u00e9, le houblon, l&#8217;eau, la levure, le foin de Crau et le miel local pour certaines.<br>Elles ne sont ni filtr\u00e9es ni pasteuris\u00e9es.<br>Le gaz carbonique provient de la refermentation en bouteille, le l\u00e9ger d\u00e9p\u00f4t de levure l&#8217;atteste.<\/p><\/blockquote>\n\n\n\n<blockquote class=\"wp-block-quote\"><p>Nos bi\u00e8res sont en vente directe au consommateur sur ce site marchand mais \u00e9galement disponibles pour les professionnels.<\/p><\/blockquote>\n\n\n\n<blockquote class=\"wp-block-quote has-text-align-left\"><p>N&#8217;h\u00e9sitez pas \u00e0 laisser un message (menu Contact) pour tout renseignement. <\/p><p>Merci de votre int\u00e9r\u00eat pour notre site.<\/p><p><iframe loading=\"lazy\" title=\"Brassage \u00e0 la Microbrasserie de la Crau\" width=\"980\" height=\"551\" src=\"https:\/\/www.youtube.com\/embed\/IYBFaPzUOyU?feature=oembed\" frameborder=\"0\" allow=\"accelerometer; autoplay; clipboard-write; encrypted-media; gyroscope; picture-in-picture\" allowfullscreen><\/iframe><\/p><\/blockquote>\n\n\n\n<p><\/p>\n","protected":false},"excerpt":{"rendered":"<p>Bienvenue dans la Microbrasserie de la Crau. D\u00e9couvrez nos bi\u00e8res brass\u00e9es de fa\u00e7on traditionnelle et artisanale en plein c\u0153ur de la Crau. Notre gamme se compose de blanches fines et fra\u00eeches, de blondes \u00e9quilibr\u00e9es et parfum\u00e9es, d&#8217;ambr\u00e9es l\u00e9g\u00e8res mais de caract\u00e8re et de brunes puissantes et structur\u00e9es.Nos bi\u00e8res sont fabriqu\u00e9es en petite quantit\u00e9 avec des [&hellip;]<\/p>\n","protected":false},"author":1,"featured_media":0,"parent":0,"menu_order":0,"comment_status":"closed","ping_status":"closed","template":"template-fullwidth.php","meta":{"_mi_skip_tracking":false,"_monsterinsights_sitenote_active":false,"_monsterinsights_sitenote_note":"","_monsterinsights_sitenote_category":0,"footnotes":""},"yoast_head":"<!-- This site is optimized with the Yoast SEO plugin v21.5 - https:\/\/yoast.com\/wordpress\/plugins\/seo\/ -->\n<title>Microbrasserie de la crau - Microbrasserie de la Crau<\/title>\n<meta name=\"robots\" content=\"index, follow, max-snippet:-1, max-image-preview:large, max-video-preview:-1\" \/>\n<link rel=\"canonical\" href=\"https:\/\/microbrasseriedelacrau.com\/index.php\/lireplus\/\" \/>\n<meta property=\"og:locale\" content=\"fr_FR\" \/>\n<meta property=\"og:type\" content=\"article\" \/>\n<meta property=\"og:title\" content=\"Microbrasserie de la crau - Microbrasserie de la Crau\" \/>\n<meta property=\"og:description\" content=\"Bienvenue dans la Microbrasserie de la Crau. D\u00e9couvrez nos bi\u00e8res brass\u00e9es de fa\u00e7on traditionnelle et artisanale en plein c\u0153ur de la Crau. Notre gamme se compose de blanches fines et fra\u00eeches, de blondes \u00e9quilibr\u00e9es et parfum\u00e9es, d&#8217;ambr\u00e9es l\u00e9g\u00e8res mais de caract\u00e8re et de brunes puissantes et structur\u00e9es.Nos bi\u00e8res sont fabriqu\u00e9es en petite quantit\u00e9 avec des [&hellip;]\" \/>\n<meta property=\"og:url\" content=\"https:\/\/microbrasseriedelacrau.com\/index.php\/lireplus\/\" \/>\n<meta property=\"og:site_name\" content=\"Microbrasserie de la Crau\" \/>\n<meta property=\"article:publisher\" content=\"https:\/\/www.facebook.com\/Microbrasserie-de-la-Crau-111107707075983\/\" \/>\n<meta property=\"article:modified_time\" content=\"2022-03-21T18:25:19+00:00\" \/>\n<meta property=\"og:image\" content=\"https:\/\/microbrasseriedelacrau.com\/wp-content\/uploads\/2019\/12\/logo_23.png\" \/>\n<meta name=\"twitter:card\" content=\"summary_large_image\" \/>\n<meta name=\"twitter:label1\" content=\"Dur\u00e9e de lecture estim\u00e9e\" \/>\n\t<meta name=\"twitter:data1\" content=\"1 minute\" \/>\n<script type=\"application\/ld+json\" class=\"yoast-schema-graph\">{\"@context\":\"https:\/\/schema.org\",\"@graph\":[{\"@type\":\"WebPage\",\"@id\":\"https:\/\/microbrasseriedelacrau.com\/index.php\/lireplus\/\",\"url\":\"https:\/\/microbrasseriedelacrau.com\/index.php\/lireplus\/\",\"name\":\"Microbrasserie de la crau - Microbrasserie de la Crau\",\"isPartOf\":{\"@id\":\"https:\/\/microbrasseriedelacrau.com\/#website\"},\"datePublished\":\"2019-11-28T09:42:15+00:00\",\"dateModified\":\"2022-03-21T18:25:19+00:00\",\"breadcrumb\":{\"@id\":\"https:\/\/microbrasseriedelacrau.com\/index.php\/lireplus\/#breadcrumb\"},\"inLanguage\":\"fr-FR\",\"potentialAction\":[{\"@type\":\"ReadAction\",\"target\":[\"https:\/\/microbrasseriedelacrau.com\/index.php\/lireplus\/\"]}]},{\"@type\":\"BreadcrumbList\",\"@id\":\"https:\/\/microbrasseriedelacrau.com\/index.php\/lireplus\/#breadcrumb\",\"itemListElement\":[{\"@type\":\"ListItem\",\"position\":1,\"name\":\"Accueil\",\"item\":\"https:\/\/microbrasseriedelacrau.com\/\"},{\"@type\":\"ListItem\",\"position\":2,\"name\":\"Microbrasserie de la crau\"}]},{\"@type\":\"WebSite\",\"@id\":\"https:\/\/microbrasseriedelacrau.com\/#website\",\"url\":\"https:\/\/microbrasseriedelacrau.com\/\",\"name\":\"Microbrasserie de la Crau\",\"description\":\"Bi\u00e8re artisanale\",\"publisher\":{\"@id\":\"https:\/\/microbrasseriedelacrau.com\/#organization\"},\"potentialAction\":[{\"@type\":\"SearchAction\",\"target\":{\"@type\":\"EntryPoint\",\"urlTemplate\":\"https:\/\/microbrasseriedelacrau.com\/?s={search_term_string}\"},\"query-input\":\"required name=search_term_string\"}],\"inLanguage\":\"fr-FR\"},{\"@type\":\"Organization\",\"@id\":\"https:\/\/microbrasseriedelacrau.com\/#organization\",\"name\":\"Microbrasserie de la Crau\",\"url\":\"https:\/\/microbrasseriedelacrau.com\/\",\"logo\":{\"@type\":\"ImageObject\",\"inLanguage\":\"fr-FR\",\"@id\":\"https:\/\/microbrasseriedelacrau.com\/#\/schema\/logo\/image\/\",\"url\":\"https:\/\/microbrasseriedelacrau.com\/wp-content\/uploads\/2019\/12\/logo_23.png\",\"contentUrl\":\"https:\/\/microbrasseriedelacrau.com\/wp-content\/uploads\/2019\/12\/logo_23.png\",\"width\":640,\"height\":640,\"caption\":\"Microbrasserie de la Crau\"},\"image\":{\"@id\":\"https:\/\/microbrasseriedelacrau.com\/#\/schema\/logo\/image\/\"},\"sameAs\":[\"https:\/\/www.facebook.com\/Microbrasserie-de-la-Crau-111107707075983\/\"]}]}<\/script>\n<!-- \/ Yoast SEO plugin. -->","yoast_head_json":{"title":"Microbrasserie de la crau - Microbrasserie de la Crau","robots":{"index":"index","follow":"follow","max-snippet":"max-snippet:-1","max-image-preview":"max-image-preview:large","max-video-preview":"max-video-preview:-1"},"canonical":"https:\/\/microbrasseriedelacrau.com\/index.php\/lireplus\/","og_locale":"fr_FR","og_type":"article","og_title":"Microbrasserie de la crau - Microbrasserie de la Crau","og_description":"Bienvenue dans la Microbrasserie de la Crau. D\u00e9couvrez nos bi\u00e8res brass\u00e9es de fa\u00e7on traditionnelle et artisanale en plein c\u0153ur de la Crau. Notre gamme se compose de blanches fines et fra\u00eeches, de blondes \u00e9quilibr\u00e9es et parfum\u00e9es, d&#8217;ambr\u00e9es l\u00e9g\u00e8res mais de caract\u00e8re et de brunes puissantes et structur\u00e9es.Nos bi\u00e8res sont fabriqu\u00e9es en petite quantit\u00e9 avec des [&hellip;]","og_url":"https:\/\/microbrasseriedelacrau.com\/index.php\/lireplus\/","og_site_name":"Microbrasserie de la Crau","article_publisher":"https:\/\/www.facebook.com\/Microbrasserie-de-la-Crau-111107707075983\/","article_modified_time":"2022-03-21T18:25:19+00:00","og_image":[{"url":"https:\/\/microbrasseriedelacrau.com\/wp-content\/uploads\/2019\/12\/logo_23.png"}],"twitter_card":"summary_large_image","twitter_misc":{"Dur\u00e9e de lecture estim\u00e9e":"1 minute"},"schema":{"@context":"https:\/\/schema.org","@graph":[{"@type":"WebPage","@id":"https:\/\/microbrasseriedelacrau.com\/index.php\/lireplus\/","url":"https:\/\/microbrasseriedelacrau.com\/index.php\/lireplus\/","name":"Microbrasserie de la crau - Microbrasserie de la Crau","isPartOf":{"@id":"https:\/\/microbrasseriedelacrau.com\/#website"},"datePublished":"2019-11-28T09:42:15+00:00","dateModified":"2022-03-21T18:25:19+00:00","breadcrumb":{"@id":"https:\/\/microbrasseriedelacrau.com\/index.php\/lireplus\/#breadcrumb"},"inLanguage":"fr-FR","potentialAction":[{"@type":"ReadAction","target":["https:\/\/microbrasseriedelacrau.com\/index.php\/lireplus\/"]}]},{"@type":"BreadcrumbList","@id":"https:\/\/microbrasseriedelacrau.com\/index.php\/lireplus\/#breadcrumb","itemListElement":[{"@type":"ListItem","position":1,"name":"Accueil","item":"https:\/\/microbrasseriedelacrau.com\/"},{"@type":"ListItem","position":2,"name":"Microbrasserie de la crau"}]},{"@type":"WebSite","@id":"https:\/\/microbrasseriedelacrau.com\/#website","url":"https:\/\/microbrasseriedelacrau.com\/","name":"Microbrasserie de la Crau","description":"Bi\u00e8re artisanale","publisher":{"@id":"https:\/\/microbrasseriedelacrau.com\/#organization"},"potentialAction":[{"@type":"SearchAction","target":{"@type":"EntryPoint","urlTemplate":"https:\/\/microbrasseriedelacrau.com\/?s={search_term_string}"},"query-input":"required name=search_term_string"}],"inLanguage":"fr-FR"},{"@type":"Organization","@id":"https:\/\/microbrasseriedelacrau.com\/#organization","name":"Microbrasserie de la Crau","url":"https:\/\/microbrasseriedelacrau.com\/","logo":{"@type":"ImageObject","inLanguage":"fr-FR","@id":"https:\/\/microbrasseriedelacrau.com\/#\/schema\/logo\/image\/","url":"https:\/\/microbrasseriedelacrau.com\/wp-content\/uploads\/2019\/12\/logo_23.png","contentUrl":"https:\/\/microbrasseriedelacrau.com\/wp-content\/uploads\/2019\/12\/logo_23.png","width":640,"height":640,"caption":"Microbrasserie de la Crau"},"image":{"@id":"https:\/\/microbrasseriedelacrau.com\/#\/schema\/logo\/image\/"},"sameAs":["https:\/\/www.facebook.com\/Microbrasserie-de-la-Crau-111107707075983\/"]}]}},"jetpack_sharing_enabled":true,"_links":{"self":[{"href":"https:\/\/microbrasseriedelacrau.com\/index.php\/wp-json\/wp\/v2\/pages\/2"}],"collection":[{"href":"https:\/\/microbrasseriedelacrau.com\/index.php\/wp-json\/wp\/v2\/pages"}],"about":[{"href":"https:\/\/microbrasseriedelacrau.com\/index.php\/wp-json\/wp\/v2\/types\/page"}],"author":[{"embeddable":true,"href":"https:\/\/microbrasseriedelacrau.com\/index.php\/wp-json\/wp\/v2\/users\/1"}],"replies":[{"embeddable":true,"href":"https:\/\/microbrasseriedelacrau.com\/index.php\/wp-json\/wp\/v2\/comments?post=2"}],"version-history":[{"count":31,"href":"https:\/\/microbrasseriedelacrau.com\/index.php\/wp-json\/wp\/v2\/pages\/2\/revisions"}],"predecessor-version":[{"id":962,"href":"https:\/\/microbrasseriedelacrau.com\/index.php\/wp-json\/wp\/v2\/pages\/2\/revisions\/962"}],"wp:attachment":[{"href":"https:\/\/microbrasseriedelacrau.com\/index.php\/wp-json\/wp\/v2\/media?parent=2"}],"curies":[{"name":"wp","href":"https:\/\/api.w.org\/{rel}","templated":true}]}}