{"id":924,"date":"2021-10-13T18:38:14","date_gmt":"2021-10-13T16:38:14","guid":{"rendered":"https:\/\/microbrasseriedelacrau.com\/?post_type=product&#038;p=924"},"modified":"2023-11-01T07:34:11","modified_gmt":"2023-11-01T06:34:11","slug":"7-pop-hop-75-cl","status":"publish","type":"product","link":"https:\/\/microbrasseriedelacrau.com\/index.php\/produit\/7-pop-hop-75-cl\/","title":{"rendered":"#6 Pop Hop 75 Cl"},"content":{"rendered":"<p>Bi\u00e8re blonde (American Pale Ale) tr\u00e8s rafra\u00eechissante et facile \u00e0 boire.<\/p>\n<p>Elle est obtenue par fermentation haute d\u2019une dur\u00e9e de 21 jours puis par une refermentation en bouteille d\u2019au minimum 21 jours. Elle est r\u00e9alis\u00e9e \u00e0 partir de 2 sortes de Malt et 3 sortes de Houblon diff\u00e9rents. En fin de brassage on lui ajoute du foin de Crau qui lui conf\u00e8re une l\u00e9g\u00e8re amertume.<\/p>\n<p>Disponible en bouteille de 75 cl.<\/p>\n<p>&nbsp;<\/p>\n<p>&nbsp;<\/p>\n","protected":false},"excerpt":{"rendered":"<p>Bi\u00e8re blonde (American Pale Ale) tr\u00e8s rafra\u00eechissante et facile \u00e0 boire. Elle est obtenue par fermentation haute d\u2019une dur\u00e9e de 21 jours puis par une refermentation en bouteille d\u2019au minimum 21 jours. Elle est r\u00e9alis\u00e9e \u00e0 partir de 2 sortes de Malt et 3 sortes de Houblon diff\u00e9rents. En fin de brassage on lui ajoute [&hellip;]<\/p>\n","protected":false},"featured_media":926,"comment_status":"open","ping_status":"closed","template":"","meta":{"_mi_skip_tracking":false,"_monsterinsights_sitenote_active":false,"_monsterinsights_sitenote_note":"","_monsterinsights_sitenote_category":0},"product_cat":[20],"product_tag":[],"yoast_head":"<!-- This site is optimized with the Yoast SEO plugin v21.5 - https:\/\/yoast.com\/wordpress\/plugins\/seo\/ -->\n<title>#6 Pop Hop 75 Cl - Microbrasserie de la Crau<\/title>\n<meta name=\"robots\" content=\"index, follow, max-snippet:-1, max-image-preview:large, max-video-preview:-1\" \/>\n<link rel=\"canonical\" href=\"https:\/\/microbrasseriedelacrau.com\/index.php\/produit\/7-pop-hop-75-cl\/\" \/>\n<meta property=\"og:locale\" content=\"fr_FR\" \/>\n<meta property=\"og:type\" content=\"article\" \/>\n<meta property=\"og:title\" content=\"#6 Pop Hop 75 Cl - Microbrasserie de la Crau\" \/>\n<meta property=\"og:description\" content=\"Bi\u00e8re blonde (American Pale Ale) tr\u00e8s rafra\u00eechissante et facile \u00e0 boire. Elle est obtenue par fermentation haute d\u2019une dur\u00e9e de 21 jours puis par une refermentation en bouteille d\u2019au minimum 21 jours. Elle est r\u00e9alis\u00e9e \u00e0 partir de 2 sortes de Malt et 3 sortes de Houblon diff\u00e9rents. En fin de brassage on lui ajoute [&hellip;]\" \/>\n<meta property=\"og:url\" content=\"https:\/\/microbrasseriedelacrau.com\/index.php\/produit\/7-pop-hop-75-cl\/\" \/>\n<meta property=\"og:site_name\" content=\"Microbrasserie de la Crau\" \/>\n<meta property=\"article:publisher\" content=\"https:\/\/www.facebook.com\/Microbrasserie-de-la-Crau-111107707075983\/\" \/>\n<meta property=\"article:modified_time\" content=\"2023-11-01T06:34:11+00:00\" \/>\n<meta property=\"og:image\" content=\"https:\/\/microbrasseriedelacrau.com\/wp-content\/uploads\/2021\/10\/Pop_Hop.png\" \/>\n\t<meta property=\"og:image:width\" content=\"800\" \/>\n\t<meta property=\"og:image:height\" content=\"800\" \/>\n\t<meta property=\"og:image:type\" content=\"image\/png\" \/>\n<meta name=\"twitter:card\" content=\"summary_large_image\" \/>\n<meta name=\"twitter:label1\" content=\"Dur\u00e9e de lecture estim\u00e9e\" \/>\n\t<meta name=\"twitter:data1\" content=\"1 minute\" \/>\n<script type=\"application\/ld+json\" class=\"yoast-schema-graph\">{\"@context\":\"https:\/\/schema.org\",\"@graph\":[{\"@type\":\"WebPage\",\"@id\":\"https:\/\/microbrasseriedelacrau.com\/index.php\/produit\/7-pop-hop-75-cl\/\",\"url\":\"https:\/\/microbrasseriedelacrau.com\/index.php\/produit\/7-pop-hop-75-cl\/\",\"name\":\"#6 Pop Hop 75 Cl - Microbrasserie de la Crau\",\"isPartOf\":{\"@id\":\"https:\/\/microbrasseriedelacrau.com\/#website\"},\"datePublished\":\"2021-10-13T16:38:14+00:00\",\"dateModified\":\"2023-11-01T06:34:11+00:00\",\"breadcrumb\":{\"@id\":\"https:\/\/microbrasseriedelacrau.com\/index.php\/produit\/7-pop-hop-75-cl\/#breadcrumb\"},\"inLanguage\":\"fr-FR\",\"potentialAction\":[{\"@type\":\"ReadAction\",\"target\":[\"https:\/\/microbrasseriedelacrau.com\/index.php\/produit\/7-pop-hop-75-cl\/\"]}]},{\"@type\":\"BreadcrumbList\",\"@id\":\"https:\/\/microbrasseriedelacrau.com\/index.php\/produit\/7-pop-hop-75-cl\/#breadcrumb\",\"itemListElement\":[{\"@type\":\"ListItem\",\"position\":1,\"name\":\"Accueil\",\"item\":\"https:\/\/microbrasseriedelacrau.com\/\"},{\"@type\":\"ListItem\",\"position\":2,\"name\":\"Boutique\",\"item\":\"https:\/\/microbrasseriedelacrau.com\/index.php\/boutique\/\"},{\"@type\":\"ListItem\",\"position\":3,\"name\":\"#6 Pop Hop 75 Cl\"}]},{\"@type\":\"WebSite\",\"@id\":\"https:\/\/microbrasseriedelacrau.com\/#website\",\"url\":\"https:\/\/microbrasseriedelacrau.com\/\",\"name\":\"Microbrasserie de la Crau\",\"description\":\"Bi\u00e8re artisanale\",\"publisher\":{\"@id\":\"https:\/\/microbrasseriedelacrau.com\/#organization\"},\"potentialAction\":[{\"@type\":\"SearchAction\",\"target\":{\"@type\":\"EntryPoint\",\"urlTemplate\":\"https:\/\/microbrasseriedelacrau.com\/?s={search_term_string}\"},\"query-input\":\"required name=search_term_string\"}],\"inLanguage\":\"fr-FR\"},{\"@type\":\"Organization\",\"@id\":\"https:\/\/microbrasseriedelacrau.com\/#organization\",\"name\":\"Microbrasserie de la Crau\",\"url\":\"https:\/\/microbrasseriedelacrau.com\/\",\"logo\":{\"@type\":\"ImageObject\",\"inLanguage\":\"fr-FR\",\"@id\":\"https:\/\/microbrasseriedelacrau.com\/#\/schema\/logo\/image\/\",\"url\":\"https:\/\/microbrasseriedelacrau.com\/wp-content\/uploads\/2019\/12\/logo_23.png\",\"contentUrl\":\"https:\/\/microbrasseriedelacrau.com\/wp-content\/uploads\/2019\/12\/logo_23.png\",\"width\":640,\"height\":640,\"caption\":\"Microbrasserie de la Crau\"},\"image\":{\"@id\":\"https:\/\/microbrasseriedelacrau.com\/#\/schema\/logo\/image\/\"},\"sameAs\":[\"https:\/\/www.facebook.com\/Microbrasserie-de-la-Crau-111107707075983\/\"]}]}<\/script>\n<!-- \/ Yoast SEO plugin. -->","yoast_head_json":{"title":"#6 Pop Hop 75 Cl - Microbrasserie de la Crau","robots":{"index":"index","follow":"follow","max-snippet":"max-snippet:-1","max-image-preview":"max-image-preview:large","max-video-preview":"max-video-preview:-1"},"canonical":"https:\/\/microbrasseriedelacrau.com\/index.php\/produit\/7-pop-hop-75-cl\/","og_locale":"fr_FR","og_type":"article","og_title":"#6 Pop Hop 75 Cl - Microbrasserie de la Crau","og_description":"Bi\u00e8re blonde (American Pale Ale) tr\u00e8s rafra\u00eechissante et facile \u00e0 boire. Elle est obtenue par fermentation haute d\u2019une dur\u00e9e de 21 jours puis par une refermentation en bouteille d\u2019au minimum 21 jours. Elle est r\u00e9alis\u00e9e \u00e0 partir de 2 sortes de Malt et 3 sortes de Houblon diff\u00e9rents. En fin de brassage on lui ajoute [&hellip;]","og_url":"https:\/\/microbrasseriedelacrau.com\/index.php\/produit\/7-pop-hop-75-cl\/","og_site_name":"Microbrasserie de la Crau","article_publisher":"https:\/\/www.facebook.com\/Microbrasserie-de-la-Crau-111107707075983\/","article_modified_time":"2023-11-01T06:34:11+00:00","og_image":[{"width":800,"height":800,"url":"https:\/\/microbrasseriedelacrau.com\/wp-content\/uploads\/2021\/10\/Pop_Hop.png","type":"image\/png"}],"twitter_card":"summary_large_image","twitter_misc":{"Dur\u00e9e de lecture estim\u00e9e":"1 minute"},"schema":{"@context":"https:\/\/schema.org","@graph":[{"@type":"WebPage","@id":"https:\/\/microbrasseriedelacrau.com\/index.php\/produit\/7-pop-hop-75-cl\/","url":"https:\/\/microbrasseriedelacrau.com\/index.php\/produit\/7-pop-hop-75-cl\/","name":"#6 Pop Hop 75 Cl - Microbrasserie de la Crau","isPartOf":{"@id":"https:\/\/microbrasseriedelacrau.com\/#website"},"datePublished":"2021-10-13T16:38:14+00:00","dateModified":"2023-11-01T06:34:11+00:00","breadcrumb":{"@id":"https:\/\/microbrasseriedelacrau.com\/index.php\/produit\/7-pop-hop-75-cl\/#breadcrumb"},"inLanguage":"fr-FR","potentialAction":[{"@type":"ReadAction","target":["https:\/\/microbrasseriedelacrau.com\/index.php\/produit\/7-pop-hop-75-cl\/"]}]},{"@type":"BreadcrumbList","@id":"https:\/\/microbrasseriedelacrau.com\/index.php\/produit\/7-pop-hop-75-cl\/#breadcrumb","itemListElement":[{"@type":"ListItem","position":1,"name":"Accueil","item":"https:\/\/microbrasseriedelacrau.com\/"},{"@type":"ListItem","position":2,"name":"Boutique","item":"https:\/\/microbrasseriedelacrau.com\/index.php\/boutique\/"},{"@type":"ListItem","position":3,"name":"#6 Pop Hop 75 Cl"}]},{"@type":"WebSite","@id":"https:\/\/microbrasseriedelacrau.com\/#website","url":"https:\/\/microbrasseriedelacrau.com\/","name":"Microbrasserie de la Crau","description":"Bi\u00e8re artisanale","publisher":{"@id":"https:\/\/microbrasseriedelacrau.com\/#organization"},"potentialAction":[{"@type":"SearchAction","target":{"@type":"EntryPoint","urlTemplate":"https:\/\/microbrasseriedelacrau.com\/?s={search_term_string}"},"query-input":"required name=search_term_string"}],"inLanguage":"fr-FR"},{"@type":"Organization","@id":"https:\/\/microbrasseriedelacrau.com\/#organization","name":"Microbrasserie de la Crau","url":"https:\/\/microbrasseriedelacrau.com\/","logo":{"@type":"ImageObject","inLanguage":"fr-FR","@id":"https:\/\/microbrasseriedelacrau.com\/#\/schema\/logo\/image\/","url":"https:\/\/microbrasseriedelacrau.com\/wp-content\/uploads\/2019\/12\/logo_23.png","contentUrl":"https:\/\/microbrasseriedelacrau.com\/wp-content\/uploads\/2019\/12\/logo_23.png","width":640,"height":640,"caption":"Microbrasserie de la Crau"},"image":{"@id":"https:\/\/microbrasseriedelacrau.com\/#\/schema\/logo\/image\/"},"sameAs":["https:\/\/www.facebook.com\/Microbrasserie-de-la-Crau-111107707075983\/"]}]}},"jetpack_sharing_enabled":true,"_links":{"self":[{"href":"https:\/\/microbrasseriedelacrau.com\/index.php\/wp-json\/wp\/v2\/product\/924"}],"collection":[{"href":"https:\/\/microbrasseriedelacrau.com\/index.php\/wp-json\/wp\/v2\/product"}],"about":[{"href":"https:\/\/microbrasseriedelacrau.com\/index.php\/wp-json\/wp\/v2\/types\/product"}],"replies":[{"embeddable":true,"href":"https:\/\/microbrasseriedelacrau.com\/index.php\/wp-json\/wp\/v2\/comments?post=924"}],"wp:featuredmedia":[{"embeddable":true,"href":"https:\/\/microbrasseriedelacrau.com\/index.php\/wp-json\/wp\/v2\/media\/926"}],"wp:attachment":[{"href":"https:\/\/microbrasseriedelacrau.com\/index.php\/wp-json\/wp\/v2\/media?parent=924"}],"wp:term":[{"taxonomy":"product_cat","embeddable":true,"href":"https:\/\/microbrasseriedelacrau.com\/index.php\/wp-json\/wp\/v2\/product_cat?post=924"},{"taxonomy":"product_tag","embeddable":true,"href":"https:\/\/microbrasseriedelacrau.com\/index.php\/wp-json\/wp\/v2\/product_tag?post=924"}],"curies":[{"name":"wp","href":"https:\/\/api.w.org\/{rel}","templated":true}]}}